{"id":11305,"date":"2020-09-14T11:32:45","date_gmt":"2020-09-14T09:32:45","guid":{"rendered":"https:\/\/szslucnalc.sk\/?page_id=11305"},"modified":"2022-07-08T11:08:34","modified_gmt":"2022-07-08T09:08:34","slug":"klub-inovacii-a-citatelskej-gramotnosti","status":"publish","type":"page","link":"https:\/\/szslucnalc.sk\/?page_id=11305","title":{"rendered":"Klub inov\u00e1ci\u00ed a \u010ditate\u013eskej gramotnosti"},"content":{"rendered":"\n<h2 class=\"wp-block-heading\"><em>Klub inov\u00e1ci\u00ed a \u010ditate\u013eskej gramotnosti<\/em><\/h2>\n\n\n\n<p>\u010citate\u013esk\u00e1 gramotnos\u0165 sa pova\u017euje za existen\u010dn\u00fa a z\u00e1kladn\u00fa kompetenciu vzdelan\u00e9ho \u010dloveka, bez ktorej nemo\u017eno dosiahnu\u0165 v\u0161etky \u010fal\u0161ie kompetencie. N\u00e1roky na \u010ditate\u013esk\u00fa zru\u010dnos\u0165 sa st\u00e1le zvy\u0161uj\u00fa a jednotlivci sa ocitaj\u00fa pred nutnos\u0165ou pracova\u0165 s textov\u00fdmi inform\u00e1ciami nov\u00fdmi a komplikovanej\u0161\u00edmi sp\u00f4sobmi. Ukazuje sa, \u017ee \u010doraz viac \u017eiakov a dospel\u00fdch os\u00f4b m\u00e1 probl\u00e9m so z\u00e1kladn\u00fdmi jazykov\u00fdmi zru\u010dnos\u0165ami, ako je napr\u00edklad slovn\u00e1 z\u00e1soba a jazykov\u00e1 vybavenos\u0165. Ide pritom o nevyhnutn\u00fd z\u00e1klad pre v\u00fdvoj vy\u0161\u0161\u00edch \u00farovn\u00ed \u010ditate\u013eskej gramotnosti. Rozv\u00edjanie \u010ditate\u013eskej gramotnosti pova\u017euje \u0161kola za jednu z najpodstatnej\u0161\u00edch s\u00fa\u010dast\u00ed v\u00fdchovno-vzdel\u00e1vacieho procesu, preto sa bude orientova\u0165 najm\u00e4 zlep\u0161ovanie v\u00fdsledkov \u017eiakov v \u010ditate\u013eskej gramotnosti. Prostriedkom bude akt\u00edvne uplat\u0148ovanie inovat\u00edvnych didaktick\u00fdch pr\u00edstupov a met\u00f3d na podporu \u010d\u00edtania s porozumen\u00edm vo v\u0161etk\u00fdch predmetoch a ich anal\u00fdza v klube.<\/p>\n\n\n\n<p>Po\u010det \u010dlenov klubu : 10 os\u00f4b<\/p>\n\n\n\n<p>Periodicita: 2 x mesa\u010dne po 3 hodiny x 20 mes. = 120 hod\u00edn x 10 os\u00f4b = 1200 hod\u00edn<\/p>\n\n\n\n<p>V\u00fdstup: 200 hod\u00edn (anal\u00fdza s odpor\u00fa\u010daniami, prezent\u00e1cie s vyu\u017eit\u00edm \u010ditate\u013esk\u00fdch strat\u00e9gi\u00ed \u2013 u\u010debn\u00fd materi\u00e1l pre pedag\u00f3gov, pracovn\u00e9 listy na jednotliv\u00e9 predmety s vyu\u017eit\u00edm \u010ditate\u013eskej gramotnosti, informa\u010dn\u00e1 bro\u017e\u00fara, tvorba my\u0161lienkov\u00fdch m\u00e1p, e-Beam, vide\u00e1 a pod.)<\/p>\n","protected":false},"excerpt":{"rendered":"<p>Klub inov&aacute;ci&iacute; a &#269;itate&#318;skej gramotnosti &#268;itate&#318;sk&aacute; gramotnos&#357; sa pova&#382;uje za existen&#269;n&uacute; a z&aacute;kladn&uacute; kompetenciu vzdelan&eacute;ho &#269;loveka, bez ktorej nemo&#382;no dosiahnu&#357; v&scaron;etky &#271;al&scaron;ie kompetencie. N&aacute;roky na &#269;itate&#318;sk&uacute;<span class=\"excerpt-hellip\"> [\u2026]<\/span><\/p>\n","protected":false},"author":2,"featured_media":0,"parent":0,"menu_order":0,"comment_status":"closed","ping_status":"closed","template":"","meta":{"footnotes":""},"class_list":["post-11305","page","type-page","status-publish","hentry"],"aioseo_notices":[],"_links":{"self":[{"href":"https:\/\/szslucnalc.sk\/index.php?rest_route=\/wp\/v2\/pages\/11305","targetHints":{"allow":["GET"]}}],"collection":[{"href":"https:\/\/szslucnalc.sk\/index.php?rest_route=\/wp\/v2\/pages"}],"about":[{"href":"https:\/\/szslucnalc.sk\/index.php?rest_route=\/wp\/v2\/types\/page"}],"author":[{"embeddable":true,"href":"https:\/\/szslucnalc.sk\/index.php?rest_route=\/wp\/v2\/users\/2"}],"replies":[{"embeddable":true,"href":"https:\/\/szslucnalc.sk\/index.php?rest_route=%2Fwp%2Fv2%2Fcomments&post=11305"}],"version-history":[{"count":3,"href":"https:\/\/szslucnalc.sk\/index.php?rest_route=\/wp\/v2\/pages\/11305\/revisions"}],"predecessor-version":[{"id":11341,"href":"https:\/\/szslucnalc.sk\/index.php?rest_route=\/wp\/v2\/pages\/11305\/revisions\/11341"}],"wp:attachment":[{"href":"https:\/\/szslucnalc.sk\/index.php?rest_route=%2Fwp%2Fv2%2Fmedia&parent=11305"}],"curies":[{"name":"wp","href":"https:\/\/api.w.org\/{rel}","templated":true}]}}