{"id":13808,"date":"2021-09-24T12:14:31","date_gmt":"2021-09-24T10:14:31","guid":{"rendered":"https:\/\/szslucnalc.sk\/?page_id=13808"},"modified":"2026-03-13T09:51:49","modified_gmt":"2026-03-13T08:51:49","slug":"skolsky-koordinator-vo-vychove-a-vzdelavani-primarna-prevencia-drogovych-zavislosti-a-dalsich-socialno-patologickych-javov-v-skolach-a-skolskych-zariadeniach","status":"publish","type":"page","link":"https:\/\/szslucnalc.sk\/?page_id=13808","title":{"rendered":"\u0160kolsk\u00fd koordin\u00e1tor vo v\u00fdchove a vzdel\u00e1van\u00ed \u2013 Prim\u00e1rna prevencia drogov\u00fdch z\u00e1vislost\u00ed a \u010fal\u0161\u00edch soci\u00e1lno-patologick\u00fdch javov v \u0161kole."},"content":{"rendered":"\n<p>Odpor\u00fa\u010dan\u00e9 odkazy\/linky pomoci:<\/p>\n\n\n\n<ol style=\"list-style-type:1\" class=\"wp-block-list\">\n<li>Linka detskej d\u00f4very: <a href=\"https:\/\/www.linkadeti.sk\/domov\">https:\/\/www.linkadeti.sk\/domov<\/a>&nbsp;<\/li>\n\n\n\n<li>Linka d\u00f4very Nez\u00e1budka <a href=\"https:\/\/dusevnezdravie.sk\/potrebujem-pomoc\/\">https:\/\/dusevnezdravie.sk\/potrebujem-pomoc\/<\/a><\/li>\n\n\n\n<li>Internetov\u00e9 linky d\u00f4very: <a href=\"https:\/\/ipcko.sk\/\">https:\/\/ipcko.sk\/<\/a>  ,   <\/li>\n\n\n\n<li>Linka detskej istoty: <a href=\"http:\/\/www.ldi.sk\/\">http:\/\/www.ldi.sk\/<\/a><\/li>\n\n\n\n<li>N\u00e1rodn\u00e1 linka na pomoc de\u0165om v&nbsp;ohrozen\u00ed: <a href=\"https:\/\/viacakonick.gov.sk\/\">https:\/\/viacakonick.gov.sk\/<\/a><\/li>\n\n\n\n<li>Pomoc obetiam n\u00e1silia:&nbsp;<a href=\"http:\/\/www.pomocobetiam.sk\/\">http:\/\/www.pomocobetiam.sk<\/a><\/li>\n\n\n\n<li>Online porad\u0148a <a href=\"https:\/\/prevenciakriminality.sk\/\">https:\/\/prevenciakriminality.sk\/<\/a><\/li>\n\n\n\n<li>Psychologick\u00e1 internetov\u00e1 porad\u0148a pre mlad\u00fdch zdravotne znev\u00fdhodnen\u00fdch: <a href=\"https:\/\/dobralinka.sk\/\">https:\/\/dobralinka.sk\/<\/a><\/li>\n\n\n\n<li>Linka pomoci na odvykanie od faj\u010denia \u2013 0908 222&nbsp;722 v&nbsp;\u010dase od 8:00- do 15:00<\/li>\n\n\n\n<li>Deti a&nbsp;karant\u00e9na v&nbsp;\u010dase pand\u00e9mie COVID 19 \u2013 podpora du\u0161evn\u00e9ho zdravia \u2013 DENN\u00cdK DU\u0160EVNEJ POHODY \u2013 S\u010cK: <a href=\"https:\/\/redcross.sk\/korona\/dennik-dusevnej-pohody\/\">https:\/\/redcross.sk\/korona\/dennik-dusevnej-pohody\/<\/a><\/li>\n\n\n\n<li>Centrum pedagogicko-psychologick\u00e9ho poradenstva a&nbsp;prevencie: <a href=\"http:\/\/www.cpppap-lc.sk\">www.cpppap-lc.sk<\/a><\/li>\n\n\n\n<li>&#8222;Odp\u00ed\u0161eme ti&#8220; &#8211; linka detskej istoty pre deti a mlad\u00fdch \u013eud\u00ed &#8211; obete \u0161ikany. (mo\u017enos\u0165 vola\u0165 anonymne a bezplatn\u00e9 t.\u010d. 116111)<\/li>\n<\/ol>\n\n\n\n<p><\/p>\n","protected":false},"excerpt":{"rendered":"<p>Odpor&uacute;&#269;an&eacute; odkazy\/linky pomoci:<\/p>\n","protected":false},"author":2,"featured_media":0,"parent":0,"menu_order":0,"comment_status":"closed","ping_status":"closed","template":"","meta":{"footnotes":""},"class_list":["post-13808","page","type-page","status-publish","hentry"],"aioseo_notices":[],"_links":{"self":[{"href":"https:\/\/szslucnalc.sk\/index.php?rest_route=\/wp\/v2\/pages\/13808","targetHints":{"allow":["GET"]}}],"collection":[{"href":"https:\/\/szslucnalc.sk\/index.php?rest_route=\/wp\/v2\/pages"}],"about":[{"href":"https:\/\/szslucnalc.sk\/index.php?rest_route=\/wp\/v2\/types\/page"}],"author":[{"embeddable":true,"href":"https:\/\/szslucnalc.sk\/index.php?rest_route=\/wp\/v2\/users\/2"}],"replies":[{"embeddable":true,"href":"https:\/\/szslucnalc.sk\/index.php?rest_route=%2Fwp%2Fv2%2Fcomments&post=13808"}],"version-history":[{"count":13,"href":"https:\/\/szslucnalc.sk\/index.php?rest_route=\/wp\/v2\/pages\/13808\/revisions"}],"predecessor-version":[{"id":36122,"href":"https:\/\/szslucnalc.sk\/index.php?rest_route=\/wp\/v2\/pages\/13808\/revisions\/36122"}],"wp:attachment":[{"href":"https:\/\/szslucnalc.sk\/index.php?rest_route=%2Fwp%2Fv2%2Fmedia&parent=13808"}],"curies":[{"name":"wp","href":"https:\/\/api.w.org\/{rel}","templated":true}]}}