{"id":15111,"date":"2022-02-23T11:56:18","date_gmt":"2022-02-23T10:56:18","guid":{"rendered":"https:\/\/szslucnalc.sk\/?page_id=15111"},"modified":"2026-01-26T09:36:16","modified_gmt":"2026-01-26T08:36:16","slug":"maturita-2022","status":"publish","type":"page","link":"https:\/\/szslucnalc.sk\/?page_id=15111","title":{"rendered":"Maturita 2026"},"content":{"rendered":"\n<p><strong>Maturita 202<\/strong>6<\/p>\n\n\n\n<p>Organiz\u00e1cia maturitnej sk\u00fa\u0161ky (MS) upravuje z\u00e1kon \u010d. 245\/2008 Z.z. o&nbsp;v\u00fdchove a&nbsp;vzdel\u00e1van\u00ed (\u0161kolsk\u00fd z\u00e1kon) a&nbsp;vyhl\u00e1\u0161ka M\u0160 SR \u010d. 224\/2022 Z.z. o&nbsp;strednej \u0161kole v&nbsp;znen\u00ed neskor\u0161\u00edch predpisov.<\/p>\n\n\n\n<p>Predmety maturitnej sk\u00fa\u0161ky:<\/p>\n\n\n\n<ol class=\"wp-block-list\">\n<li>Slovensk\u00fd jazyk a&nbsp;literat\u00fara<\/li>\n\n\n\n<li>Cudz\u00ed jazyk \u2013 anglick\u00fd jazyk \u2013 \u00farove\u0148 B1, B2<\/li>\n\n\n\n<li>Teoretick\u00e1 \u010das\u0165 odbornej zlo\u017eky<\/li>\n\n\n\n<li>Praktick\u00e1 \u010das\u0165 odbornej zlo\u017eky<\/li>\n<\/ol>\n\n\n\n<p>Dobrovo\u013en\u00fa MS m\u00f4\u017ee \u017eiak vykona\u0165 najviac z&nbsp;dvoch predmetov.<\/p>\n\n\n\n<p>Realiz\u00e1ciu E\u010c MS a&nbsp;PFI\u010c MS zabezpe\u010duje NIVaM.<\/p>\n\n\n\n<p><strong><u>Riadne term\u00edny E\u010c MS a&nbsp;PFI\u010c MS 202<\/u>6<\/strong><\/p>\n\n\n\n<p><strong>K\u00f3d \u0161koly: 661 511<\/strong><\/p>\n\n\n\n<p><strong>Gener\u00e1lna sk\u00fa\u0161ka eMaturity zo SJL: 10.2.2026 <\/strong><\/p>\n\n\n\n<p><strong>10. marec 2026 (utorok)<\/strong> <strong>\u2013 slovensk\u00fd jazyk a&nbsp;literat\u00fara<\/strong><\/p>\n\n\n\n<p><strong>E\u010c: <\/strong>test obsahuje 40 \u00faloh s&nbsp;v\u00fdberom odpovede a&nbsp;24 \u00faloh s&nbsp;kr\u00e1tkou odpove\u010fou s&nbsp;\u010dasom na vyrie\u0161enie 100 min\u00fat<\/p>\n\n\n\n<p><strong>PFI\u010c: <\/strong>1 \u00faloha s&nbsp;dlhou odpove\u010fou (s\u00fabor 4 t\u00e9m s&nbsp;ur\u010denou \u017e\u00e1nrovou formou, z&nbsp;ktor\u00fdch si \u017eiak vyber\u00e1 iba 1), \u010das na vypracovanie je 150 min\u00fat, po\u017eadovan\u00fd rozsah pr\u00e1ce je 1,5 \u2013 3 strany A4<\/p>\n\n\n\n<p><strong>11. marec 2026 (streda) &#8211;&nbsp; anglick\u00fd jazyk, nemeck\u00fd jazyk \u2013 \u00farove\u0148 B1<\/strong><\/p>\n\n\n\n<p><strong>E\u010c: <\/strong>test obsahuje 36 &nbsp;\u00faloh s&nbsp;v\u00fdberom odpovede a&nbsp;24 \u00faloh s&nbsp;kr\u00e1tkou odpove\u010fou s&nbsp;\u010dasom na vyrie\u0161enie 100 min\u00fat na \u00farovni B1<\/p>\n\n\n\n<p><strong>PFI\u010c: <\/strong>1 \u00faloha s&nbsp;dlhou odpove\u010fou (jedno zadanie s&nbsp;ur\u010denou \u017e\u00e1nrovou formou), \u010das na vypracovanie je 60 min\u00fat, po\u017eadovan\u00fd rozsah pr\u00e1ce je 160 \u2013 180 slov<\/p>\n\n\n\n<p>Apr\u00edlov\u00fd (n\u00e1hradn\u00fd) term\u00edn E\u010c MS a&nbsp;PFI\u010c MS sa uskuto\u010dn\u00ed 8. a\u017e 13. apr\u00edla 2026.<\/p>\n\n\n\n<p>Septembrov\u00fd (opravn\u00fd a&nbsp;n\u00e1hradn\u00fd) term\u00edn E\u010c MS a&nbsp;PFI\u010c MS sa uskuto\u010dn\u00ed v&nbsp;2. a\u017e 7. septembra 2026.<\/p>\n\n\n\n<p><strong><u>Praktick\u00e1 \u010das\u0165 odbornej zlo\u017eky MS<\/u><\/strong><\/p>\n\n\n\n<p>Od 12. \u2013&nbsp; do 14. m\u00e1j 2026 na vylosovan\u00fdch \u0161koliacich pracovisk\u00e1ch<\/p>\n\n\n\n<p>&nbsp;<strong><u>\u00dastna forma internej \u010dasti MS<\/u><\/strong><\/p>\n\n\n\n<p>Od 25. m\u00e1j&nbsp; \u2013&nbsp; do 28. m\u00e1j 2026<\/p>\n\n\n\n<p><strong>\u017diak&nbsp;<u>\u00faspe\u0161ne vykon\u00e1 MS<\/u>&nbsp;<\/strong>z predmetu, ktor\u00fd m\u00e1 E\u010c a PFI\u010c MS,&nbsp;<strong>ak jeho<\/strong>&nbsp;<strong>hodnotenie<\/strong>&nbsp;z \u00daFI\u010c MS:<\/p>\n\n\n\n<p>a)&nbsp;<strong>nie je hor\u0161ie<\/strong>&nbsp;ako stupe\u0148 prospechu&nbsp;<strong>3<\/strong>&nbsp;(dobr\u00fd) a v&nbsp;<strong>PFI\u010c MS<\/strong>&nbsp;z\u00edska \u00faspe\u0161nos\u0165&nbsp;<strong>vy\u0161\u0161iu ako<\/strong><\/p>\n\n\n\n<p><strong>25 %<\/strong>&nbsp;alebo v&nbsp;<strong>E\u010c MS<\/strong>&nbsp;z\u00edska \u00faspe\u0161nos\u0165&nbsp;<strong>vy\u0161\u0161iu ako 33 %<\/strong>, alebo<\/p>\n\n\n\n<p>b) je stupe\u0148 prospechu&nbsp;<strong>4<\/strong>&nbsp;(dostato\u010dn\u00fd) a v&nbsp;<strong>PFI\u010c MS<\/strong>&nbsp;z\u00edska \u00faspe\u0161nos\u0165&nbsp;<strong>vy\u0161\u0161iu ako<\/strong><\/p>\n\n\n\n<p><strong>25 %<\/strong>&nbsp;a&nbsp;<strong>s\u00fa\u010dasne<\/strong>&nbsp;v&nbsp;<strong>E\u010c MS<\/strong>&nbsp;z\u00edska \u00faspe\u0161nos\u0165&nbsp;<strong>vy\u0161\u0161iu ako 33 %.<\/strong><\/p>\n\n\n\n<p><strong>Inform\u00e1cie o opravnej sk\u00fa\u0161ke E\u010c MS, PFI\u010c MS a \u00daFI\u010c MS<\/strong><\/p>\n\n\n\n<p><strong>Ak \u017eiak nespln\u00ed podmienky pre \u00faspe\u0161n\u00e9 vykonanie MS<\/strong>&nbsp;uveden\u00e9 v \u00a7 17, odseky 10 a 11 vyhl\u00e1\u0161ky \u010d. 224\/2022 Z. z. o stredn\u00fdch \u0161kol\u00e1ch v znen\u00ed neskor\u0161\u00edch predpisov v predmetoch, ktor\u00e9 maj\u00fa okrem \u00daFI\u010c MS aj E\u010c a PFI\u010c MS alebo len E\u010c MS, platia nasleduj\u00face inform\u00e1cie:<\/p>\n\n\n\n<p>1. \u00daFI\u010c MS z predmetov, ktor\u00e9 maj\u00fa E\u010c a PFI\u010c MS alebo len E\u010c MS, na ktor\u00e9 sa \u017eiak prihl\u00e1sil, m\u00f4\u017ee \u017eiak vykona\u0165 v RT MS bez oh\u013eadu na v\u00fdsledky E\u010c alebo PFI\u010c MS z t\u00fdchto predmetov.<\/p>\n\n\n\n<p>2. Ak \u017eiak strednej \u0161koly ne\u00faspe\u0161ne vykonal MS z niektor\u00fdch, najviac v\u0161ak z dvoch predmetov, m\u00f4\u017ee mu&nbsp;<strong>\u0160MK povoli\u0165 kona\u0165 opravn\u00fa sk\u00fa\u0161ku<\/strong>&nbsp;z t\u00fdchto predmetov alebo \u010dasti a formy sk\u00fa\u0161ky z t\u00fdchto predmetov (\u0161kolsk\u00fd z\u00e1kon, \u00a7 88, odsek 1 a 2).<\/p>\n\n\n\n<p>3. \u017diak, ktor\u00fd nevykonal \u00faspe\u0161ne MS z predmetu, po\u017eiada \u0160MK o opravn\u00fa sk\u00fa\u0161ku z tohto predmetu. Vo svojej \u017eiadosti \u0161pecifikuje, ktor\u00fa \u010das\u0165 alebo formu MS chce opravova\u0165 (\u0161kolsk\u00fd z\u00e1kon, \u00a7 88, odsek 1 a 2). M\u00f4\u017ee po\u017eiada\u0165 o opravn\u00fa sk\u00fa\u0161ku iba tej \u010dasti alebo formy, v ktorej bol ne\u00faspe\u0161n\u00fd.<\/p>\n\n\n\n<p>4.&nbsp;<strong>Term\u00edn<\/strong>&nbsp;konania opravnej sk\u00fa\u0161ky \u00daFI\u010c MS je&nbsp;<strong>september<\/strong>&nbsp;alebo&nbsp;<strong>febru\u00e1r<\/strong>&nbsp;nasleduj\u00faceho \u0161kolsk\u00e9ho roka. Opravn\u00fa sk\u00fa\u0161ku E\u010c a PFI\u010c MS m\u00f4\u017ee \u017eiak vykona\u0165 v mimoriadnom sk\u00fa\u0161obnom obdob\u00ed v septembri nasleduj\u00faceho \u0161kolsk\u00e9ho roka alebo v riadnom term\u00edne E\u010c a PFI\u010c MS nasleduj\u00faceho \u0161kolsk\u00e9ho roka (\u0161kolsk\u00fd z\u00e1kon, \u00a7 77, odsek 5 a \u00a7 88, odsek 4), pri\u010dom nasleduj\u00facim \u0161kolsk\u00fdm rokom sa rozumie \u0161kolsk\u00fd rok nasleduj\u00faci po \u0161kolskom roku, v ktorom \u017eiak konal MS v riadnom term\u00edne (napr. \u017eiak, ktor\u00fd ne\u00faspe\u0161ne vykonal MS v riadnom term\u00edne roku 2024, m\u00f4\u017ee vykona\u0165 opravn\u00fa sk\u00fa\u0161ku v septembri 2024 alebo v marci 2025).<\/p>\n\n\n\n<p>5. Na&nbsp;<strong>opravn\u00fa sk\u00fa\u0161ku<\/strong>&nbsp;E\u010c a PFI\u010c MS sa \u017eiak prihl\u00e1si riadite\u013eovi \u0161koly&nbsp;<strong>do 30. j\u00fana<\/strong>, ak chce opravn\u00fa sk\u00fa\u0161ku kona\u0165 v septembri nasleduj\u00faceho \u0161kolsk\u00e9ho roka alebo do 30. septembra nasleduj\u00faceho \u0161kolsk\u00e9ho roka, ak chce opravn\u00fa sk\u00fa\u0161ku kona\u0165 v riadnom term\u00edne nasleduj\u00faceho \u0161kolsk\u00e9ho roka (\u0161kolsk\u00fd z\u00e1kon, \u00a7 77, odsek 7). Tomuto prihl\u00e1seniu predch\u00e1dza \u017eiados\u0165 o opravn\u00fa sk\u00fa\u0161ku v zmysle bodu 3.<\/p>\n\n\n\n<p>6. O opravn\u00fd term\u00edn E\u010c MS a PFI\u010c MS m\u00f4\u017ee po\u017eiada\u0165 iba \u017eiak, ktor\u00fd m\u00e1 ukon\u010den\u00fa cel\u00fa maturitn\u00fa sk\u00fa\u0161ku, absolvoval v\u0161etky vybran\u00e9 maturitn\u00e9 predmety a v\u0161etky \u010dasti maturitnej sk\u00fa\u0161ky t\u00fdchto maturitn\u00fdch predmetov a nesplnil podmienky pre \u00faspe\u0161n\u00e9 vykonanie maturitnej sk\u00fa\u0161ky.<\/p>\n\n\n\n<p><strong>Upozornenie<\/strong>! O opravn\u00fd term\u00edn E\u010c MS a PFI\u010c MS teda nem\u00f4\u017ee po\u017eiada\u0165 \u017eiak, ktor\u00fd napr. neukon\u010dil \u00faspe\u0161ne posledn\u00fd ro\u010dn\u00edk \u0161t\u00fadia, v auguste kon\u00e1 opravn\u00e9 sk\u00fa\u0161ky na ukon\u010denie \u0161t\u00fadia a v septembri nasleduj\u00faceho \u0161kolsk\u00e9ho roka chce kona\u0165 n\u00e1hradn\u00fd term\u00edn \u00daFI\u010c MS a z\u00e1rove\u0148 v septembri by chcel kona\u0165 aj opravn\u00fd term\u00edn E\u010c MS a\/alebo PFI\u010c MS. Opravn\u00fd term\u00edn E\u010c MS a\/alebo PFI\u010c MS tak\u00e9hoto \u017eiaka m\u00f4\u017ee by\u0165 najsk\u00f4r v riadnom term\u00edne nasleduj\u00faceho \u0161kolsk\u00e9ho roka a opravn\u00fd term\u00edn P\u010cOZ MS najsk\u00f4r vo febru\u00e1ri nasleduj\u00faceho \u0161kolsk\u00e9ho roka. Na tieto term\u00edny sa \u017eiak prihl\u00e1si do 30. septembra.<\/p>\n\n\n\n<p><strong>Odpove\u010fov\u00e9 h\u00e1rky<\/strong><\/p>\n\n\n\n<p>Odpove\u010fov\u00e9 h\u00e1rky (OH) s\u00fa samoprepisovacie papiere. OH bud\u00fa skenovan\u00e9, nesm\u00fa sa kop\u00edrova\u0165, kr\u010di\u0165 ani preh\u00fdba\u0165. Podrobn\u00e9 pokyny na vyp\u013a\u0148anie OH:<\/p>\n\n\n\n<p><a href=\"https:\/\/cloud6l.edupage.org\/cloud?z%3Ak8tgzVr5hUEzdYTJ9gbfdDwKdmK1eTc34u2z279Gz1lPN7d8xTpq7Tb1wlmKGQmy\" target=\"_blank\" rel=\"noopener\" title=\"\">Pokyny_na_vyplnovanie_OH_2026_final.pdf<\/a><\/p>\n\n\n\n<p>Z\u00e1kladn\u00e9 inform\u00e1cie o&nbsp;MS 2026 \u2013&nbsp; <a href=\"https:\/\/www2.nucem.sk\/dl\/6248\/Z%C3%A1kladn%C3%A9%20inform%C3%A1cie%20MS%202026_final1.pdf\" target=\"_blank\" rel=\"noopener\" title=\"\">Z\u00e1kladn\u00e9 inform\u00e1cie MS 2026.pdf (nucem.sk)<\/a><\/p>\n\n\n\n<p>Z\u00e1sady spr\u00e1vania a inform\u00e1cie pre \u017eiakov: <a href=\"https:\/\/www2.nucem.sk\/dl\/6299\/Pr%C3%ADloha%20%C4%8D.%205%20Z%C3%A1sady%20spr%C3%A1vania%20sa%20%C5%BEiaka%20(GS)_final.pdf\" target=\"_blank\" rel=\"noopener nofollow\" title=\"\">Pr\u00edloha \u010d. 5 Z\u00e1sady spr\u00e1vania sa \u017eiaka (GS)_final<\/a><\/p>\n","protected":false},"excerpt":{"rendered":"<p>Maturita 2026 Organiz&aacute;cia maturitnej sk&uacute;&scaron;ky (MS) upravuje z&aacute;kon &#269;. 245\/2008 Z.z. o&nbsp;v&yacute;chove a&nbsp;vzdel&aacute;van&iacute; (&scaron;kolsk&yacute; z&aacute;kon) a&nbsp;vyhl&aacute;&scaron;ka M&Scaron; SR &#269;. 224\/2022 Z.z. o&nbsp;strednej &scaron;kole v&nbsp;znen&iacute; neskor&scaron;&iacute;ch predpisov.<span class=\"excerpt-hellip\"> [\u2026]<\/span><\/p>\n","protected":false},"author":2,"featured_media":0,"parent":0,"menu_order":0,"comment_status":"closed","ping_status":"closed","template":"","meta":{"footnotes":""},"class_list":["post-15111","page","type-page","status-publish","hentry"],"aioseo_notices":[],"_links":{"self":[{"href":"https:\/\/szslucnalc.sk\/index.php?rest_route=\/wp\/v2\/pages\/15111","targetHints":{"allow":["GET"]}}],"collection":[{"href":"https:\/\/szslucnalc.sk\/index.php?rest_route=\/wp\/v2\/pages"}],"about":[{"href":"https:\/\/szslucnalc.sk\/index.php?rest_route=\/wp\/v2\/types\/page"}],"author":[{"embeddable":true,"href":"https:\/\/szslucnalc.sk\/index.php?rest_route=\/wp\/v2\/users\/2"}],"replies":[{"embeddable":true,"href":"https:\/\/szslucnalc.sk\/index.php?rest_route=%2Fwp%2Fv2%2Fcomments&post=15111"}],"version-history":[{"count":10,"href":"https:\/\/szslucnalc.sk\/index.php?rest_route=\/wp\/v2\/pages\/15111\/revisions"}],"predecessor-version":[{"id":35298,"href":"https:\/\/szslucnalc.sk\/index.php?rest_route=\/wp\/v2\/pages\/15111\/revisions\/35298"}],"wp:attachment":[{"href":"https:\/\/szslucnalc.sk\/index.php?rest_route=%2Fwp%2Fv2%2Fmedia&parent=15111"}],"curies":[{"name":"wp","href":"https:\/\/api.w.org\/{rel}","templated":true}]}}