{"id":19,"date":"2017-01-19T23:40:26","date_gmt":"2017-01-19T22:40:26","guid":{"rendered":"https:\/\/szslucnalc.sk\/?page_id=19"},"modified":"2025-12-08T07:18:15","modified_gmt":"2025-12-08T06:18:15","slug":"o-skole-3-2","status":"publish","type":"page","link":"https:\/\/szslucnalc.sk\/","title":{"rendered":"O \u0161kole"},"content":{"rendered":"<h1><a href=\"https:\/\/szslucnalc.sk\/?page_id=23\">Nie si zbyto\u010dn\u00fd na tomto svete, ak pom\u00e1ha\u0161 nies\u0165 bremeno in\u00e9mu<\/a><\/h1>\n<p><a href=\"https:\/\/szslucnalc.sk\/?page_id=23\">SZ\u0160 Lu\u010denec pon\u00faka pre svojich \u0161tudentov nielen zdravotn\u00edcke vzdelanie s maturitou, ale aj nezamenite\u013en\u00fd duch rodinnej \u0161koly. \u00darov\u0148ou odborn\u00e9ho vzdelania patr\u00ed SZ\u0160 Lu\u010denec medzi l\u00eddrov na Slovensku. V\u010faka vzdel\u00e1vaciemu a v\u00fdchovn\u00e9mu programu t\u00e1to modern\u00e1 \u0161kola, re\u0161pektuj\u00faca tradi\u010dn\u00e9 hodnoty, umo\u017e\u0148uje aby z die\u0165a\u0165a vyr\u00e1stol mlad\u00fd \u010dlovek s pevn\u00fdmi mor\u00e1lnymi z\u00e1sadami, ochotn\u00fd a schopn\u00fd pom\u00e1ha\u0165 slab\u00fdm. Najmodernej\u0161ia didaktick\u00e1 technika pom\u00e1ha tvoriv\u00e9mu pedagogick\u00e9mu kolekt\u00edvu sprostredkova\u0165 predp\u00edsan\u00fd u\u010debn\u00fd obsah atrakt\u00edvnym a efekt\u00edvnym sp\u00f4sobom.<\/a><\/p>\n","protected":false},"excerpt":{"rendered":"<p>Nie si zbyto&#269;n&yacute; na tomto svete, ak pom&aacute;ha&scaron; nies&#357; bremeno in&eacute;mu SZ&Scaron; Lu&#269;enec pon&uacute;ka pre svojich &scaron;tudentov nielen zdravotn&iacute;cke vzdelanie s maturitou, ale aj nezamenite&#318;n&yacute; duch<span class=\"excerpt-hellip\"> [\u2026]<\/span><\/p>\n","protected":false},"author":2,"featured_media":0,"parent":0,"menu_order":0,"comment_status":"closed","ping_status":"closed","template":"","meta":{"footnotes":""},"class_list":["post-19","page","type-page","status-publish","hentry"],"aioseo_notices":[],"_links":{"self":[{"href":"https:\/\/szslucnalc.sk\/index.php?rest_route=\/wp\/v2\/pages\/19","targetHints":{"allow":["GET"]}}],"collection":[{"href":"https:\/\/szslucnalc.sk\/index.php?rest_route=\/wp\/v2\/pages"}],"about":[{"href":"https:\/\/szslucnalc.sk\/index.php?rest_route=\/wp\/v2\/types\/page"}],"author":[{"embeddable":true,"href":"https:\/\/szslucnalc.sk\/index.php?rest_route=\/wp\/v2\/users\/2"}],"replies":[{"embeddable":true,"href":"https:\/\/szslucnalc.sk\/index.php?rest_route=%2Fwp%2Fv2%2Fcomments&post=19"}],"version-history":[{"count":42,"href":"https:\/\/szslucnalc.sk\/index.php?rest_route=\/wp\/v2\/pages\/19\/revisions"}],"predecessor-version":[{"id":29025,"href":"https:\/\/szslucnalc.sk\/index.php?rest_route=\/wp\/v2\/pages\/19\/revisions\/29025"}],"wp:attachment":[{"href":"https:\/\/szslucnalc.sk\/index.php?rest_route=%2Fwp%2Fv2%2Fmedia&parent=19"}],"curies":[{"name":"wp","href":"https:\/\/api.w.org\/{rel}","templated":true}]}}