{"id":24522,"date":"2024-02-15T09:12:46","date_gmt":"2024-02-15T08:12:46","guid":{"rendered":"https:\/\/szslucnalc.sk\/?page_id=24522"},"modified":"2024-03-11T11:23:18","modified_gmt":"2024-03-11T10:23:18","slug":"podporu-etickeho-spravania-sa-a-hodnotoveho-vzdelavania-v-skolach","status":"publish","type":"page","link":"https:\/\/szslucnalc.sk\/?page_id=24522","title":{"rendered":"Podporu etick\u00e9ho spr\u00e1vania sa a hodnotov\u00e9ho vzdel\u00e1vania v \u0161kol\u00e1ch"},"content":{"rendered":"\n<p><strong>V\u00fdzva : Posilnenie etick\u00e9ho spr\u00e1vania sa a hodnotov\u00e9ho vzdel\u00e1vania v&nbsp;\u0161kol\u00e1ch<\/strong><\/p>\n\n\n\n<p><strong>Zameranie projektu : <\/strong>Podpora \u0161k\u00f4l pri uplat\u0148ovan\u00ed a zav\u00e1dzan\u00ed nadpredmetov\u00e9ho hodnotov\u00e9ho vzdel\u00e1vania zameran\u00e9ho tak, aby sa o&nbsp;hodnot\u00e1ch nehovorilo iba na hodin\u00e1ch etickej\/n\u00e1bo\u017eenskej v\u00fdchovy alebo vo form\u00e1lnom etickom k\u00f3dexe zamestnancov, ale aby bola podpora etick\u00e9ho spr\u00e1vania sa a&nbsp;hodnotov\u00e9ho vzdel\u00e1vania \u017eiv\u00e1 v&nbsp;u\u010dite\u013eskom zbore, v&nbsp;triede na ktoromko\u013evek vyu\u010dovacom predmete, aj v&nbsp;celo\u0161kolsk\u00fdch aktivit\u00e1ch a&nbsp;pri aplikovan\u00ed princ\u00edpu kritick\u00e9ho myslenia.<\/p>\n\n\n\n<p><strong>Cie\u013e <\/strong>: Za\u010da\u0165 alebo posilni\u0165 implement\u00e1ciu syst\u00e9mov\u00fdch n\u00e1strojov v&nbsp;\u0161kol\u00e1ch, ktor\u00e9 s\u00fa zalo\u017een\u00e9 na particip\u00e1cii a&nbsp;zdie\u013eanej zodpovednosti \u0161kolskej komunity \u2013 u\u010dite\u013eov, \u017eiakov, ale aj rodi\u010dov \u2013 a&nbsp;ob\u010dianskej spolo\u010dnosti pri vytv\u00e1ran\u00ed tak\u00e9ho \u0161kolsk\u00e9ho prostredia, v&nbsp;ktorom:<\/p>\n\n\n\n<ul class=\"wp-block-list\">\n<li>Je re\u0161pektovan\u00e1 d\u00f4stojnos\u0165 ka\u017ed\u00e9ho \u010dloveka, vr\u00e1tane re\u0161pektovania&nbsp;plurality n\u00e1zorov zalo\u017een\u00fdch na pravdiv\u00fdch inform\u00e1ci\u00e1ch a&nbsp;pr\u00e1ve na vypo\u010dutie hlasu ka\u017ed\u00e9ho jednotlivca pri tvorbe pravidiel fungovania \u0161koly;<\/li>\n\n\n\n<li>Je samozrejmos\u0165ou overovanie faktov, re\u0161pektovanie v\u00fdsledkov vedeck\u00e9ho b\u00e1dania a&nbsp;odmietanie neoveren\u00fdch a&nbsp;nepravdiv\u00fdch inform\u00e1ci\u00ed a&nbsp;prezent\u00e1cie n\u00e1zorov zalo\u017een\u00fdch na dezinform\u00e1ci\u00e1ch.<\/li>\n<\/ul>\n\n\n\n<p><strong>Trvanie : december 2023 \u2013 Marec 2024<\/strong><\/p>\n\n\n\n<p><strong>Schv\u00e1len\u00fd rozpo\u010det : 2410 \u20ac<\/strong><\/p>\n\n\n\n<p><strong>Realiz\u00e1cia :<\/strong><\/p>\n\n\n\n<ol class=\"wp-block-list\" type=\"1\">\n<li><strong>Multimedi\u00e1lny motiva\u010dn\u00fd koncert pre \u0161tudentov \u0161koly \u2013 kult\u00farne podujatie spojen\u00fd s&nbsp;hudbou a&nbsp;kv\u00edzom<\/strong><\/li>\n\n\n\n<li><strong>N\u00e1kup pracovn\u00fdch zo\u0161itov \u2013 Kritick\u00e9 myslenie (Pracovn\u00fd zo\u0161it pln\u00fd cvi\u010den\u00ed a \u00faloh zameran\u00fdch na tr\u00e9ning zru\u010dnost\u00ed, ktor\u00e9 tvoria predpoklady pre schopnos\u0165 kriticky myslie\u0165, najm\u00e4 \u010d\u00edtanie s porozumen\u00edm a vyhodnocovanie d\u00f4le\u017eit\u00fdch my\u0161lienok, komunikova\u0165 vlastn\u00e9 my\u0161lienky presved\u010divo a zrozumite\u013ene. Je aktu\u00e1lne jedinou ucelenou eduka\u010dnou<\/strong><\/li>\n<\/ol>\n\n\n\n<p><strong>&nbsp;&nbsp;&nbsp;&nbsp;&nbsp;&nbsp;&nbsp;&nbsp;&nbsp;&nbsp;&nbsp;&nbsp;&nbsp;&nbsp; publik\u00e1ciou svojho druhu)<\/strong><\/p>\n\n\n\n<ul class=\"wp-block-list\">\n<li><strong>Realizovanie predn\u00e1\u0161ok &#8211; spolupr\u00e1ca s OZ Preventista (1 predn\u00e1\u0161ka pre PZ v<\/strong><\/li>\n<\/ul>\n\n\n\n<p><strong>trvan\u00ed 2 hodiny), predn\u00e1\u0161ka v 1., 2. a 3. ro\u010dn\u00edkoch<\/strong><\/p>\n\n\n\n<ul class=\"wp-block-list\">\n<li><strong>Publikovanie \u010dl\u00e1nku v&nbsp;region\u00e1lnych novin\u00e1ch<\/strong><\/li>\n<\/ul>\n\n\n\n<div class=\"wp-block-columns is-layout-flex wp-container-core-columns-is-layout-9d6595d7 wp-block-columns-is-layout-flex\">\n<div class=\"wp-block-column is-layout-flow wp-block-column-is-layout-flow\" style=\"flex-basis:33.34%\">\n<figure class=\"wp-block-embed is-type-wp-embed is-provider-stredna-zdravotnicka-skola-lucenec wp-block-embed-stredna-zdravotnicka-skola-lucenec\"><div class=\"wp-block-embed__wrapper\">\n<blockquote class=\"wp-embedded-content\" data-secret=\"lLFuWkr36K\"><a href=\"https:\/\/szslucnalc.sk\/?p=24687\">Projekt \u00faspe\u0161ne zrealizovan\u00fd&#8230;<\/a><\/blockquote><iframe loading=\"lazy\" class=\"wp-embedded-content\" sandbox=\"allow-scripts\" security=\"restricted\" style=\"position: absolute; clip: rect(1px, 1px, 1px, 1px);\" title=\"&#8220;Projekt \u00faspe\u0161ne zrealizovan\u00fd&#8230;&#8221; &#8212; Stredn\u00e1 zdravotn\u00edcka \u0161kola Lu\u010denec\" src=\"https:\/\/szslucnalc.sk\/?p=24687&#038;embed=true#?secret=F3A4K5pHFu#?secret=lLFuWkr36K\" data-secret=\"lLFuWkr36K\" width=\"600\" height=\"338\" frameborder=\"0\" marginwidth=\"0\" marginheight=\"0\" scrolling=\"no\"><\/iframe>\n<\/div><\/figure>\n<\/div>\n\n\n\n<div class=\"wp-block-column is-layout-flow wp-block-column-is-layout-flow\" style=\"flex-basis:33.34%\">\n<figure class=\"wp-block-embed is-type-wp-embed is-provider-stredna-zdravotnicka-skola-lucenec wp-block-embed-stredna-zdravotnicka-skola-lucenec\"><div class=\"wp-block-embed__wrapper\">\n<blockquote class=\"wp-embedded-content\" data-secret=\"R4OtRS0hxN\"><a href=\"https:\/\/szslucnalc.sk\/?p=24667\">\u010co na n\u00e1s \u010d\u00edha z\u00a0internetu?<\/a><\/blockquote><iframe loading=\"lazy\" class=\"wp-embedded-content\" sandbox=\"allow-scripts\" security=\"restricted\" style=\"position: absolute; clip: rect(1px, 1px, 1px, 1px);\" title=\"&#8220;\u010co na n\u00e1s \u010d\u00edha z\u00a0internetu?&#8221; &#8212; Stredn\u00e1 zdravotn\u00edcka \u0161kola Lu\u010denec\" src=\"https:\/\/szslucnalc.sk\/?p=24667&#038;embed=true#?secret=V0ZJAlLYk1#?secret=R4OtRS0hxN\" data-secret=\"R4OtRS0hxN\" width=\"600\" height=\"338\" frameborder=\"0\" marginwidth=\"0\" marginheight=\"0\" scrolling=\"no\"><\/iframe>\n<\/div><\/figure>\n<\/div>\n\n\n\n<div class=\"wp-block-column is-layout-flow wp-block-column-is-layout-flow\" style=\"flex-basis:33.33%\">\n<figure class=\"wp-block-embed is-type-wp-embed is-provider-stredna-zdravotnicka-skola-lucenec wp-block-embed-stredna-zdravotnicka-skola-lucenec\"><div class=\"wp-block-embed__wrapper\">\n<blockquote class=\"wp-embedded-content\" data-secret=\"K0Dcuiib6q\"><a href=\"https:\/\/szslucnalc.sk\/?p=23921\">N\u00e1strahy online sveta \u010d\u00edhaj\u00face na na\u0161u ml\u00e1de\u017e n\u00e1m nie s\u00fa \u013eahostajn\u00e9<\/a><\/blockquote><iframe loading=\"lazy\" class=\"wp-embedded-content\" sandbox=\"allow-scripts\" security=\"restricted\" style=\"position: absolute; clip: rect(1px, 1px, 1px, 1px);\" title=\"&#8220;N\u00e1strahy online sveta \u010d\u00edhaj\u00face na na\u0161u ml\u00e1de\u017e n\u00e1m nie s\u00fa \u013eahostajn\u00e9&#8221; &#8212; Stredn\u00e1 zdravotn\u00edcka \u0161kola Lu\u010denec\" src=\"https:\/\/szslucnalc.sk\/?p=23921&#038;embed=true#?secret=z9Vfih616j#?secret=K0Dcuiib6q\" data-secret=\"K0Dcuiib6q\" width=\"600\" height=\"338\" frameborder=\"0\" marginwidth=\"0\" marginheight=\"0\" scrolling=\"no\"><\/iframe>\n<\/div><\/figure>\n<\/div>\n<\/div>\n","protected":false},"excerpt":{"rendered":"<p>V&yacute;zva : Posilnenie etick&eacute;ho spr&aacute;vania sa a hodnotov&eacute;ho vzdel&aacute;vania v&nbsp;&scaron;kol&aacute;ch Zameranie projektu : Podpora &scaron;k&ocirc;l pri uplat&#328;ovan&iacute; a zav&aacute;dzan&iacute; nadpredmetov&eacute;ho hodnotov&eacute;ho vzdel&aacute;vania zameran&eacute;ho tak, aby sa<span class=\"excerpt-hellip\"> [\u2026]<\/span><\/p>\n","protected":false},"author":1001014,"featured_media":0,"parent":0,"menu_order":0,"comment_status":"closed","ping_status":"closed","template":"","meta":{"footnotes":""},"class_list":["post-24522","page","type-page","status-publish","hentry"],"aioseo_notices":[],"_links":{"self":[{"href":"https:\/\/szslucnalc.sk\/index.php?rest_route=\/wp\/v2\/pages\/24522","targetHints":{"allow":["GET"]}}],"collection":[{"href":"https:\/\/szslucnalc.sk\/index.php?rest_route=\/wp\/v2\/pages"}],"about":[{"href":"https:\/\/szslucnalc.sk\/index.php?rest_route=\/wp\/v2\/types\/page"}],"author":[{"embeddable":true,"href":"https:\/\/szslucnalc.sk\/index.php?rest_route=\/wp\/v2\/users\/1001014"}],"replies":[{"embeddable":true,"href":"https:\/\/szslucnalc.sk\/index.php?rest_route=%2Fwp%2Fv2%2Fcomments&post=24522"}],"version-history":[{"count":2,"href":"https:\/\/szslucnalc.sk\/index.php?rest_route=\/wp\/v2\/pages\/24522\/revisions"}],"predecessor-version":[{"id":24708,"href":"https:\/\/szslucnalc.sk\/index.php?rest_route=\/wp\/v2\/pages\/24522\/revisions\/24708"}],"wp:attachment":[{"href":"https:\/\/szslucnalc.sk\/index.php?rest_route=%2Fwp%2Fv2%2Fmedia&parent=24522"}],"curies":[{"name":"wp","href":"https:\/\/api.w.org\/{rel}","templated":true}]}}