{"id":36649,"date":"2026-04-16T07:59:09","date_gmt":"2026-04-16T05:59:09","guid":{"rendered":"https:\/\/szslucnalc.sk\/?page_id=36649"},"modified":"2026-04-17T10:53:04","modified_gmt":"2026-04-17T08:53:04","slug":"erasmus-2025-26","status":"publish","type":"page","link":"https:\/\/szslucnalc.sk\/?page_id=36649","title":{"rendered":"Erasmus+ 2025-26"},"content":{"rendered":"\n<h2 class=\"wp-block-heading\"><strong>Erasmus+ 2025-26<\/strong><\/h2>\n\n\n\n<p><strong>Erasmus + vzdel\u00e1vacia mobilita jednotlivcov \u2013 mobilita u\u010diacich sa a&nbsp;zamestnancov v&nbsp;OVP \u2013 KA 1<\/strong><\/p>\n\n\n\n<p><strong>N\u00e1zov:&nbsp;<\/strong>Odborn\u00e1 prax v&nbsp;zahrani\u010d\u00ed<\/p>\n\n\n\n<p><strong>Celkov\u00e9 trvanie projektu:<\/strong>&nbsp;15 mesiacov \u2013 (01.06.2025 \u2013 30.8.2065) <strong>Grant:<\/strong>&nbsp;92 880\u20ac<\/p>\n\n\n\n<p><strong>F\u00e1zy projektu<\/strong>&nbsp;<strong>a<\/strong>&nbsp;<strong>partnersk\u00e9 organiz\u00e1cie:<\/strong><\/p>\n\n\n\n<p><strong>September 2025&nbsp;\u2013 Marec 2026 <\/strong>\u2013 pl\u00e1novanie jednotliv\u00fdch f\u00e1z projektu<\/p>\n\n\n\n<p><strong>Marec 2026&nbsp;<\/strong>\u2013 Odborn\u00fd kurz \u2013 Nadstavbov\u00fd kurz Baz\u00e1lnej stimul\u00e1cie Brno &nbsp;\u010cesk\u00e1 republika<\/p>\n\n\n\n<p><strong>Marec 2026<\/strong>&nbsp;\u2013 S\u00fa\u0165a\u017e v&nbsp;odborn\u00fdch zru\u010dnostiach Hradec Kr\u00e1lov\u00e9 \u010cesk\u00e1 republika<\/p>\n\n\n\n<p><strong>Marec 2026<\/strong> \u2013 TCA predv\u00fdjazdov\u00fd semin\u00e1r Praha \u010cR<\/p>\n\n\n\n<p><strong>M\u00e1j 2026 \u2013 August 2026<\/strong>\u2013 dlhodob\u00e1 odborn\u00e1 st\u00e1\u017e Erasmus pro Malaga \u0160panielsko<\/p>\n\n\n\n<p><strong>J\u00fan 2026<\/strong>&nbsp;\u2013 odborn\u00e1 zahrani\u010dn\u00e1 st\u00e1\u017e + Job Shadowing \u2013 \u0160panielsko Alicante + Malaga<\/p>\n\n\n\n<p>&nbsp;&nbsp;&nbsp;&nbsp;&nbsp;&nbsp;&nbsp;&nbsp;&nbsp;&nbsp;&nbsp;&nbsp;&nbsp;&nbsp;&nbsp;&nbsp;&nbsp;&nbsp;&nbsp; \u010cesk\u00e1 republika &#8211;&nbsp; Praha + Karlove Vary<\/p>\n\n\n\n<p>&nbsp;&nbsp;&nbsp;&nbsp;&nbsp;&nbsp;&nbsp;&nbsp;&nbsp;&nbsp;&nbsp;&nbsp;&nbsp;&nbsp;&nbsp;&nbsp; \u2013 odborn\u00e9 kurzy \u2013 R\u00edm Talianko, Amsterdam Holansko<\/p>\n\n\n\n<p><strong>Partnersk\u00e9 organiz\u00e1cie :<\/strong><\/p>\n\n\n\n<ul class=\"wp-block-list\">\n<li>Fakultn\u00e1 nemocnica Praha \u2013 Motol<\/li>\n\n\n\n<li>Mobility Projects Alicante \u0160panielsko<\/li>\n\n\n\n<li>AFA \u0160panielsko Malaga<\/li>\n\n\n\n<li>Instit\u00fat baz\u00e1lnej stimul\u00e1cie \u010cR<\/li>\n\n\n\n<li>Stredn\u00e1 zdravotn\u00edcka \u0161kola Hradec Kr\u00e1lov\u00e9 \u010cR<\/li>\n\n\n\n<li>Stredn\u00e1 zdravotn\u00edcka \u0161kola Karlovy Vary<\/li>\n\n\n\n<li>Europass Teacher Academy<\/li>\n<\/ul>\n\n\n\n<p><strong>Ciele aktiv\u00edt v&nbsp;oblasti mobility:<\/strong><\/p>\n\n\n\n<p>1. Z\u00edska\u0165 nov\u00e9 k\u013e\u00fa\u010dov\u00e9 kompetencie v&nbsp;OVP<\/p>\n\n\n\n<p>2. Zv\u00fd\u0161i\u0165 \u00farove\u0148 jazykov\u00fdch zru\u010dnost\u00ed \u017eiakov \u2013 plynul\u00e1 komunik\u00e1cia a&nbsp;pou\u017e\u00edvanie odborn\u00fdch pojmov v&nbsp;cudzom jazyku (uplatni\u0165 cudz\u00ed jazyk v&nbsp;praxi)<\/p>\n\n\n\n<p>3. Posilni\u0165 zdrav\u00e9 sebavedomie \u017eiakov pri pr\u00e1ci v&nbsp;medzin\u00e1rodnom t\u00edme v&nbsp;odli\u0161nom kult\u00farnom prostred\u00ed (a podporova\u0165 osobnostn\u00fd a&nbsp;profesion\u00e1lny rozvoj \u017eiakov)<\/p>\n\n\n\n<p>4. Umo\u017eni\u0165 \u017eiakom zo soci\u00e1lne slab\u0161ieho prostredia, \u017eiakom s&nbsp;nedostatkom pr\u00edle\u017eitost\u00ed a&nbsp;\u017eiakom z&nbsp;n\u00e1rodnostn\u00fdch men\u0161\u00edn z\u00fa\u010dastni\u0165 sa na programe mobility<\/p>\n\n\n\n<p>5. Inovova\u0165 a&nbsp;modernizova\u0165 v\u00fdu\u010dbu cudzieho jazyka s&nbsp;prepojen\u00edm odborn\u00fdch predmetov \u2013 zvy\u0161ova\u0165 jazykov\u00e9 zru\u010dnosti pedagogick\u00fdch zamestnancov<\/p>\n\n\n\n<p>6. Rozv\u00edja\u0165 odborn\u00fa a&nbsp;pedagogick\u00fa kompetenciu sprev\u00e1dzaj\u00facich os\u00f4b, ktor\u00e9 bud\u00fa m\u00f4c\u0165 obohati\u0165 svoje pedagogick\u00e9 majstrovstvo o&nbsp;didaktick\u00e9 techniky, odborn\u00e9 vedomosti a&nbsp;jazykov\u00e9 zru\u010dnosti<\/p>\n\n\n\n<p>7. Vyzdvihn\u00fa\u0165 spolo\u010dn\u00fd eur\u00f3psky rozmer a&nbsp;spolo\u010dn\u00e9 prvky eur\u00f3pskej kult\u00fary a&nbsp;tradi\u010dn\u00fdch hodn\u00f4t<\/p>\n\n\n\n<p><strong>Krit\u00e9ri\u00e1 v\u00fdberu \u017eiakov&nbsp;&nbsp;&nbsp;&nbsp;&nbsp;&nbsp;<\/strong><\/p>\n\n\n\n<p><strong>Odborn\u00e1 st\u00e1\u017e&nbsp;<\/strong>je ur\u010den\u00e1 pre \u017eiakov denn\u00e9ho \u0161t\u00fadia \u2013 3. ro\u010dn\u00edka v&nbsp;r\u00e1mci odbornej s\u00favislej praxe. V\u00fdberu sa m\u00f4\u017eu z\u00fa\u010dastni\u0165 v\u0161etci \u017eiaci. Do \u00favahy sa ber\u00fa jednotliv\u00e9 krit\u00e9ri\u00e1.<\/p>\n\n\n\n<p><strong>Podmienky v\u00fdberu pre \u017eiakov<\/strong>:<\/p>\n\n\n\n<p>zasla\u0165 prihl\u00e1\u0161ku (<a href=\"https:\/\/szslucnalc.sk\/wp-content\/uploads\/2026\/04\/Prihlaska-vyberove_konanie_na_mobilitu.docx\" title=\"\">formul\u00e1r<\/a>), \u017eivotopis a&nbsp;motiva\u010dn\u00fd list, (formul\u00e1r \u2013&nbsp;<a href=\"https:\/\/europass.cedefop.europa.eu\/sk\/europass-documents\">https:\/\/europass.cedefop.europa.eu\/sk\/europass-documents<\/a>) odosla\u0165&nbsp; na edupage alebo osobne Mgr. Be\u00e1te Mur\u00edn<\/p>\n\n\n\n<p>Dosiahnutie \u010do najvy\u0161\u0161ieho po\u010dtu bodov v&nbsp;jednotliv\u00fdch krit\u00e9ri\u00e1ch (maximum 110 bodov )<\/p>\n\n\n\n<p>Krit\u00e9ri\u00e1&nbsp; :&nbsp;<strong>Prospech&nbsp;<\/strong>z odborn\u00fdch predmetov&nbsp;(O\u0160S, O\u0160E),&nbsp;<strong>Celkov\u00fd priemer zn\u00e1mok, Doch\u00e1dzka, \u0160kolsk\u00e9 akcie, Spr\u00e1vanie, \u00dastny pohovor + soci\u00e1lna oblas\u0165&nbsp;&nbsp;<\/strong>(znev\u00fdhodnen\u00e9 prostredie\u2026)<\/p>\n\n\n\n<p><strong>Odborn\u00e1 komisia :&nbsp;<\/strong>ved\u00faca PK odborn\u00fdch predmetov, ved\u00face u\u010dite\u013eky odborn\u00fdch predmetov + triedny u\u010dite\u013e<\/p>\n\n\n\n<p><strong>Nadobudnut\u00e9 certifik\u00e1ty :<\/strong><\/p>\n\n\n\n<ul class=\"wp-block-list\">\n<li><strong>Europass mobilita<\/strong>&nbsp;(registrovan\u00fd certifik\u00e1t, ktor\u00fd je uzn\u00e1van\u00fd zamestn\u00e1vate\u013emi kdeko\u013evek v Eur\u00f3pe)<\/li>\n\n\n\n<li><strong>Certifik\u00e1t o&nbsp;absolvovan\u00ed odbornej st\u00e1\u017ee<\/strong><\/li>\n<\/ul>\n\n\n\n<div class=\"wp-block-columns is-layout-flex wp-container-core-columns-is-layout-9d6595d7 wp-block-columns-is-layout-flex\">\n<div class=\"wp-block-column is-layout-flow wp-block-column-is-layout-flow\">\n<figure class=\"wp-block-embed is-type-wp-embed is-provider-stredn-zdravotn-cka-kola-lu-enec wp-block-embed-stredn-zdravotn-cka-kola-lu-enec\"><div class=\"wp-block-embed__wrapper\">\n<blockquote class=\"wp-embedded-content\" data-secret=\"1d0gR2IcfG\"><a href=\"https:\/\/szslucnalc.sk\/?p=36300\">N\u00c1RO\u010cN\u00c9 SITU\u00c1CIE, SILN\u00c9 EM\u00d3CIE A ZLAT\u00dd V\u00ddSLEDOK<\/a><\/blockquote><iframe loading=\"lazy\" class=\"wp-embedded-content\" sandbox=\"allow-scripts\" security=\"restricted\" style=\"position: absolute; visibility: hidden;\" title=\"&#8220;N\u00c1RO\u010cN\u00c9 SITU\u00c1CIE, SILN\u00c9 EM\u00d3CIE A ZLAT\u00dd V\u00ddSLEDOK&#8221; &#8212; Stredn\u00e1 zdravotn\u00edcka \u0161kola Lu\u010denec\" src=\"https:\/\/szslucnalc.sk\/?p=36300&#038;embed=true#?secret=IRIfs70M0H#?secret=1d0gR2IcfG\" data-secret=\"1d0gR2IcfG\" width=\"600\" height=\"338\" frameborder=\"0\" marginwidth=\"0\" marginheight=\"0\" scrolling=\"no\"><\/iframe>\n<\/div><\/figure>\n<\/div>\n\n\n\n<div class=\"wp-block-column is-layout-flow wp-block-column-is-layout-flow\">\n<figure class=\"wp-block-embed is-type-wp-embed is-provider-stredn-zdravotn-cka-kola-lu-enec wp-block-embed-stredn-zdravotn-cka-kola-lu-enec\"><div class=\"wp-block-embed__wrapper\">\n<blockquote class=\"wp-embedded-content\" data-secret=\"zJxBZmY6LV\"><a href=\"https:\/\/szslucnalc.sk\/?p=36335\">TCA predv\u00fdjazdov\u00fd semin\u00e1r Erasmus+ Praha\u00a0<\/a><\/blockquote><iframe loading=\"lazy\" class=\"wp-embedded-content\" sandbox=\"allow-scripts\" security=\"restricted\" style=\"position: absolute; visibility: hidden;\" title=\"&#8220;TCA predv\u00fdjazdov\u00fd semin\u00e1r Erasmus+ Praha\u00a0&#8221; &#8212; Stredn\u00e1 zdravotn\u00edcka \u0161kola Lu\u010denec\" src=\"https:\/\/szslucnalc.sk\/?p=36335&#038;embed=true#?secret=yRVtNpTWTG#?secret=zJxBZmY6LV\" data-secret=\"zJxBZmY6LV\" width=\"600\" height=\"338\" frameborder=\"0\" marginwidth=\"0\" marginheight=\"0\" scrolling=\"no\"><\/iframe>\n<\/div><\/figure>\n<\/div>\n\n\n\n<div class=\"wp-block-column is-layout-flow wp-block-column-is-layout-flow\">\n<figure class=\"wp-block-embed is-type-wp-embed is-provider-stredn-zdravotn-cka-kola-lu-enec wp-block-embed-stredn-zdravotn-cka-kola-lu-enec\"><div class=\"wp-block-embed__wrapper\">\n<blockquote class=\"wp-embedded-content\" data-secret=\"rjcaboclif\"><a href=\"https:\/\/szslucnalc.sk\/?p=36157\">Roz\u0161iruj\u00faci kurz baz\u00e1lnej stimul\u00e1cie \u2013 nov\u00e9 podnety pre na\u0161u prax<\/a><\/blockquote><iframe loading=\"lazy\" class=\"wp-embedded-content\" sandbox=\"allow-scripts\" security=\"restricted\" style=\"position: absolute; visibility: hidden;\" title=\"&#8220;Roz\u0161iruj\u00faci kurz baz\u00e1lnej stimul\u00e1cie \u2013 nov\u00e9 podnety pre na\u0161u prax&#8221; &#8212; Stredn\u00e1 zdravotn\u00edcka \u0161kola Lu\u010denec\" src=\"https:\/\/szslucnalc.sk\/?p=36157&#038;embed=true#?secret=B0gvLMzcuc#?secret=rjcaboclif\" data-secret=\"rjcaboclif\" width=\"600\" height=\"338\" frameborder=\"0\" marginwidth=\"0\" marginheight=\"0\" scrolling=\"no\"><\/iframe>\n<\/div><\/figure>\n<\/div>\n<\/div>\n","protected":false},"excerpt":{"rendered":"<p>Erasmus+ 2025-26 Erasmus + vzdel&aacute;vacia mobilita jednotlivcov &ndash; mobilita u&#269;iacich sa a&nbsp;zamestnancov v&nbsp;OVP &ndash; KA 1 N&aacute;zov:&nbsp;Odborn&aacute; prax v&nbsp;zahrani&#269;&iacute; Celkov&eacute; trvanie projektu:&nbsp;15 mesiacov &ndash; (01.06.2025 &ndash;<span class=\"excerpt-hellip\"> [\u2026]<\/span><\/p>\n","protected":false},"author":1001014,"featured_media":0,"parent":0,"menu_order":0,"comment_status":"closed","ping_status":"closed","template":"","meta":{"footnotes":""},"class_list":["post-36649","page","type-page","status-publish","hentry"],"aioseo_notices":[],"_links":{"self":[{"href":"https:\/\/szslucnalc.sk\/index.php?rest_route=\/wp\/v2\/pages\/36649","targetHints":{"allow":["GET"]}}],"collection":[{"href":"https:\/\/szslucnalc.sk\/index.php?rest_route=\/wp\/v2\/pages"}],"about":[{"href":"https:\/\/szslucnalc.sk\/index.php?rest_route=\/wp\/v2\/types\/page"}],"author":[{"embeddable":true,"href":"https:\/\/szslucnalc.sk\/index.php?rest_route=\/wp\/v2\/users\/1001014"}],"replies":[{"embeddable":true,"href":"https:\/\/szslucnalc.sk\/index.php?rest_route=%2Fwp%2Fv2%2Fcomments&post=36649"}],"version-history":[{"count":3,"href":"https:\/\/szslucnalc.sk\/index.php?rest_route=\/wp\/v2\/pages\/36649\/revisions"}],"predecessor-version":[{"id":36755,"href":"https:\/\/szslucnalc.sk\/index.php?rest_route=\/wp\/v2\/pages\/36649\/revisions\/36755"}],"wp:attachment":[{"href":"https:\/\/szslucnalc.sk\/index.php?rest_route=%2Fwp%2Fv2%2Fmedia&parent=36649"}],"curies":[{"name":"wp","href":"https:\/\/api.w.org\/{rel}","templated":true}]}}